o**3/6 + 9*o**2/2 - 5*o. Let t be f(-8). What is the highest common factor of 34 and t?
17
Let w be 3/12 - ((-1641)/12 + -3). Calculate the highest common factor of 40 and w.
20
Let l(d) = -2*d**2 - 4*d + 1. Let n be l(-2). Let v = -4 + 13. Calculate the greatest common factor of v and n.
1
Suppose 2*i - 80 = 40. What is the greatest common factor of i and 24?
12
Let z be 27 + -4 + (-2)/(-2). What is the greatest common divisor of z and 264?
24
Let i = -12 - -14. Let q(h) be the second derivative of h**4/12 + h**2/2 + 2*h. Let o be q(i). What is the greatest common divisor of 5 and o?
5
Suppose -16 = s - 0. Let k be ((-52)/(-6))/(s/(-24)). What is the greatest common divisor of k and 104?
13
Suppose -5*h + 6 = -n, n - 5*n = -4*h - 8. Suppose h = c - 6. Let l(t) = -t**2 + 10*t + 8. Let i be l(c). Calculate the greatest common factor of i and 12.
12
Let m be 0*2/4 + 84. Calculate the highest common factor of 21 and m.
21
Let b(c) = c**3 - 4*c**2 + 2*c + 7. Let g be b(3). What is the greatest common factor of 10 and g?
2
Let z be 4/6 - (-14)/6. Let m be z + (-3)/(-6)*50. Calculate the greatest common factor of m and 4.
4
Let f be 3 + -6 + 10/2. Calculate the highest common factor of f and 14.
2
Let g = -6 - -21. Calculate the highest common factor of g and 60.
15
Let c = -15 - -40. Suppose 17 = 3*h - c. Let l be (-223)/(-4) - 2/(-8). Calculate the greatest common divisor of l and h.
14
Suppose 6*i - 144 = 3*i. What is the greatest common divisor of i and 6?
6
Let c(b) = b**3 - 30*b**2 - 32*b + 41. Let d be c(31). What is the highest common factor of 270 and d?
10
Let i(g) = 15*g**2 + 4*g - 3. Let u be i(2). Calculate the greatest common factor of u and 26.
13
Let u(s) = -s**2 + 8*s + 1. Let x(v) = 2*v**2 - 2*v + 2. Let q be x(2). Let r be u(q). Let i = r + 5. Calculate the highest common factor of 198 and i.
18
Let n(v) = -v + 14. Let b be n(12). What is the greatest common divisor of b and 3?
1
Let b = -8 - -38. Suppose 2*p = 7*p - b. Calculate the highest common factor of p and 24.
6
Suppose -z = -2*z + 35. Suppose 50*k = 57*k - 49. What is the greatest common divisor of z and k?
7
Let l(b) = -2*b + 1. Let u be l(-2). Suppose -u*a - 31 = -3*r - 0*a, 1 = -r - 4*a. Calculate the highest common divisor of 7 and r.
7
Suppose 0 = 5*h - 7*h - 14. Let v be (-107)/h + (-2)/7. Calculate the greatest common divisor of v and 10.
5
Let r be (-32)/5 + (-2)/(-5). Let l be (-14 - 1)*(r - -5). Calculate the greatest common factor of l and 15.
15
Let z be ((-16)/(-10))/(2/15). What is the greatest common divisor of z and 8?
4
Suppose u + 67 = 4*f, 5*f + 4*u - 62 = 48. Suppose 3*b - 14 + 2 = 0. Suppose 3*m + 33 = 4*l, -2*m + b = 4*l - 34. What is the greatest common factor of l and f?
9
Let a = 252 - 149. Suppose -3*r - a = -2*b - 0*b, 4*b - r - 221 = 0. Calculate the greatest common divisor of 7 and b.
7
Suppose -3*l = n - 3*n - 25, 5*l - 4*n - 45 = 0. Calculate the greatest common divisor of l and 50.
5
Let p(g) = -22*g**3 - 2*g - 2. Let s be p(-1). What is the highest common factor of s and 22?
22
Let y be (14/21)/(2/9). Suppose 56 = -v - 4*z, -51 = -v + 2*v + y*z. Let o be ((-10)/20)/(1/v). Calculate the greatest common factor of o and 45.
9
Suppose 4*h - 2*b = 18 - 6, 0 = -2*b. Calculate the highest common divisor of h and 24.
3
Let g be (-7)/(-2) + 5/(-10). Calculate the greatest common factor of g and 6.
3
Let n = 4 - -10. Suppose -4*y + 22 = -3*a - 22, 5*a = 5*y - 50. What is the greatest common divisor of n and y?
14
Suppose 5*z = -1 - 19. Let y be z/10 + 36/15. Calculate the greatest common factor of y and 10.
2
Let p = -23 + 39. What is the greatest common divisor of p and 8?
8
Suppose -3*h + 36 = z, h = z - 3*z + 17. Suppose -177 = -9*w + 120. What is the greatest common factor of w and h?
11
Let c(n) = -34*n - 4. Let r be c(-3). Calculate the highest common divisor of 28 and r.
14
Let d be 1 - 2 - 0 - -3. What is the highest common divisor of d and 18?
2
Suppose 4*g = -3*o - 32 - 2, 4*g = -16. Let q be (-132)/8*8/o. Suppose -p = p - q. Calculate the highest common divisor of 11 and p.
11
Suppose -45*l + 37*l + 408 = 0. Calculate the highest common factor of l and 34.
17
Let s be (-4)/(-2) - (4 + -2). Let j(t) = t**2 + t + 27. Let b be j(s). What is the greatest common factor of b and 243?
27
Let p(d) = -15*d - 6 + 4*d - 4*d. Let k be 10*3/6*-2. Let r be p(k). Calculate the highest common divisor of 16 and r.
16
Let m be 102 + 3/(9/6). Calculate the highest common divisor of m and 26.
26
Let v = 11 - 6. Let o(p) = -9*p**2 - 7. Let u be o(v). Let c = -162 - u. What is the greatest common divisor of 14 and c?
14
Let q = -14 - -34. Suppose 0 = -4*z + q, 4*s + 0*z - 27 = z. Calculate the highest common factor of s and 24.
8
Let x be (136 - -3) + (4 - 7). What is the highest common factor of 17 and x?
17
Let h(b) = 7*b - b**3 + 0*b - 5*b**2 - b + 2. Let v be h(-6). Suppose -2*y - v = -14. What is the greatest common divisor of 4 and y?
2
Suppose 0 = 3*p + p - 44. Let x = 4 + p. What is the greatest common factor of 120 and x?
15
Suppose 0*v + 4 = -4*v. Let x be 6*-2*(0 + v). What is the highest common factor of 60 and x?
12
Let d be (4/3)/((-2)/(-66)). What is the greatest common factor of d and 66?
22
Suppose 29 = -3*y + 68. Calculate the highest common divisor of y and 26.
13
Let n be ((-4)/3)/((-8)/18). What is the greatest common factor of n and 21?
3
Let g be 11 + ((-2)/10 - 33/(-15)). Calculate the greatest common divisor of 13 and g.
13
Let t be (-1)/2 + 690/12. Let s = 31 - 12. Calculate the highest common factor of s and t.
19
Let z = 11 + 3. Let t = 5 + z. Let x = 136 + -3. What is the greatest common divisor of x and t?
19
Let f(d) = -8*d**2 + 2*d + 4. Let s(i) = -7*i**2 + i + 4. Let c(o) = 6*f(o) - 7*s(o). Let w be c(-7). What is the greatest common divisor of 90 and w?
10
Let p(c) = c + 18. Let y be p(-7). Calculate the greatest common factor of 77 and y.
11
Let x(g) = 2*g - 19. Let c be x(11). Calculate the highest common divisor of 33 and c.
3
Let s = 0 + 11. Let v = s - -34. Let q = -64 - -94. What is the highest common factor of v and q?
15
Let w be 96/(-30)*55/(-2). Calculate the greatest common factor of 8 and w.
8
Suppose -108 = -5*p - 0*y - 4*y, 44 = 2*p + 2*y. What is the greatest common divisor of 180 and p?
20
Let o(x) = x**2 + 4. Let k be o(-3). Calculate the highest common factor of k and 13.
13
Let u be 2/(-4)*(-6)/(-3). Let y be (-34 - u)/((-6)/16). Calculate the highest common factor of y and 8.
8
Let c(y) = y**3 - 8*y**2 - 3*y. Let p be c(9). What is the greatest common factor of 18 and p?
18
Let a be ((-8)/5)/((-6)/375). Let f be (6/4)/((-6)/(-160)). Calculate the highest common factor of f and a.
20
Let c be (-18)/(-8) - (-3)/(-12). Suppose -54 = -4*t + 18. What is the highest common factor of c and t?
2
Let p be (-3)/(3/24*-6). Let h = p - 24. Let m be h/(-3)*3/2. Calculate the greatest common divisor of m and 15.
5
Let k(p) = p**3 + 5*p**2 + 2*p + 6. Let v be k(-4). Let r = v - 6. Let z(a) = 72*a. Let y be z(1). What is the greatest common factor of r and y?
8
Suppose -5*v = 10, 3*g + g - 266 = 3*v. Suppose 5*y = -5*i + 3*i - 1, -y - g = -5*i. Let l be (0 - 3)*(-8)/i. What is the highest common divisor of l and 6?
2
Suppose -3*u + 5 = -1. Suppose 16 + 4 = u*l. Calculate the greatest common divisor of 15 and l.
5
Let i(g) = 96*g**2 - g - 1. Let l be i(-1). What is the highest common factor of 12 and l?
12
Let q(g) = g + 1. Let f(n) = 17*n - 5. Let b(s) = -f(s) + q(s). Let t be b(-6). Calculate the greatest common factor of t and 68.
34
Suppose 3*f - 31 + 214 = -3*u, -f = -2*u - 131. Let c = 104 + u. Calculate the greatest common divisor of 8 and c.
8
Suppose 4*t + 3*w - 12 - 16 = 0, -3*t = -w - 34. Let p be (-990)/(-50) - (-2)/t. Calculate the greatest common divisor of 50 and p.
10
Suppose -3*r - 5 = -z, 3*z + r = 4*r + 45. Suppose 3*s - 3*i = 429, -2*s + 5*i = -s - 155. Calculate the highest common factor of s and z.
20
Let d(w) = 15*w**3 + w**2 - 2*w + 1. Let k be d(1). Let r be (0 - 3/(-3))*k. Suppose -3*x + 30 = 2*x. What is the greatest common factor of x and r?
3
Suppose 54 = -m + 2*m. Let n be 3 - 3 - m/(-1). What is the greatest common divisor of 36 and n?
18
Suppose -6*n + n = 0. Suppose n = -j - 3*t + 12, -